3?
110010220222
Convert 2957a22 (base 13) to base 5.
11331431112
What is 102020221011011 (base 3) in base 8?
26644116
What is 70b5 (base 12) in base 4?
2333021
What is 1146113 (base 9) in base 4?
2113222101
25118 (base 15) to base 11
80a32
-120377 (base 9) to base 11
-4a505
-100010101101111000011 (base 2) to base 11
-707775
Convert -194c90 (base 14) to base 6.
-31120514
What is -36497a (base 13) in base 11?
-805499
Convert -2a6121 (base 11) to base 8.
-1642742
-415462 (base 7) to base 15
-16324
-1607506 (base 12) to base 9
-8405526
What is 330104442 (base 5) in base 3?
2122122011010
What is 23126123 (base 7) in base 2?
111101110000101010110
Convert 1111010011111000001 (base 2) to base 12.
202401
27017 (base 11) to base 7
220405
Convert -1241240230 (base 5) to base 12.
-104146b
What is -1a922 (base 12) in base 16?
-99aa
Convert -5157a2 (base 11) to base 3.
-1120001010112
10000000110111001 (base 2) to base 5
4102402
What is 588066 (base 11) in base 10?
933103
-670989 (base 12) to base 8
-6202171
Convert -277057 (base 11) to base 8.
-1517460
What is 3224e (base 15) in base 5?
20043044
Convert 101223320 (base 6) to base 8.
6520440
What is -502334 (base 6) in base 11?
-276a7
Convert 5661 (base 13) to base 2.
10111100101110
Convert -7126813 (base 10) to base 8.
-33137435
Convert 1097529 (base 12) to base 6.
152135253
What is -7557742 (base 8) in base 15?
-29e7ce
c36b6 (base 13) to base 10
350486
Convert 110201202120 (base 3) to base 12.
101036
What is -16478631 (base 9) in base 3?
-120112122201001
-1290352 (base 10) to base 6
-43353504
What is 1413566 (base 9) in base 16?
bda92
What is -1011100001111100001011 (base 2) in base 5?
-1233210403
Convert -10100111111111101 (base 2) to base 8.
-247775
77d4 (base 14) to base 6
240050
-14340023022 (base 5) to base 2
-1001000101110010101001001
12010567 (base 8) to base 13
70c2c2
-9695e (base 16) to base 3
-1011100002101
What is 546a19 (base 14) in base 12?
b5b97b
433023042 (base 5) to base 7
21454111
What is 10121012122 (base 3) in base 11?
49273
33011144 (base 5) to base 12
117281
-253632 (base 7) to base 6
-1001233
-14312404 (base 7) to base 5
-321112342
What is -6a832 (base 11) in base 10?
-102159
Convert -42210520 (base 7) to base 14.
-68b680
Convert -12026 (base 10) to base 8.
-27372
Convert 11341341 (base 5) to base 6.
2134010
Convert -28961 (base 13) to base 2.
-10010101000001010
-233441 (base 10) to base 16
-38fe1
-101210121101 (base 3) to base 9
-353541
Convert -104861 (base 12) to base 5.
-31210334
What is 245b9d (base 14) in base 16?
13008f
What is -5153843 (base 9) in base 6?
-134552233
-1354311 (base 6) to base 9
-127207
1c3348 (base 15) to base 16
1505cf
-2220122122222 (base 3) to base 9
-2818588
Convert -223062 (base 7) to base 4.
-21221001
Convert 1065792 (base 10) to base 7.
12026160
What is -201012222120222 (base 3) in base 2?
-100110111101111100001011
-502a37 (base 12) to base 5
-304432344
What is 10311302 (base 4) in base 9?
30168
Convert -1101111100110001000100 (base 2) to base 9.
-6783130
Convert -103328 (base 10) to base 6.
-2114212
Convert 34032430 (base 5) to base 13.
a61bb
1304003131 (base 5) to base 3
12222221222222
What is -130175 (base 9) in base 2?
-10011010000100001
What is 10000000100001100 (base 2) in base 7?
362564
What is 71e1 (base 16) in base 9?
43882
Convert 183451 (base 12) to base 9.
710777
101101011010111111001 (base 2) to base 6
51522345
42889b (base 12) to base 16
100cf7
Convert 3de5d (base 15) to base 2.
110000100101001100
Convert -2153605 (base 7) to base 15.
-539ad
Convert 1110101100001111111010 (base 2) to base 16.
3ac3fa
392204 (base 13) to base 5
323010124
146078 (base 11) to base 8
674546
Convert 94c1b4 (base 15) to base 5.
3302442034
1001111100110011000 (base 2) to base 6
10553240
1e3792 (base 15) to base 12
5b4562
What is -2300103201 (base 4) in base 12?
-2a9aa9
-243413543 (base 6) to base 11
-26982a2
10010000110000110100100 (base 2) to base 12
1709170
-93784 (base 15) to base 13
-1349c8
What is -10011111111111011000110 (base 2) in base 14?
-9a67b0
What is 804414 (base 12) in base 4?
13213311100
What is -1ba485 (base 12) in base 11?
-3088a6
1033231202 (base 4) to base 5
40421443
-60581 (base 9) to base 15
-bc14
1b2c4a (base 13) to base 6
22455244
What is -29388 (base 11) in base 9?
-63205
Convert -30212302320 (base 4) to base 8.
-14466270
What is -12730813 (base 9) in base 3?
-102211000220110
What is 1658183 (base 9) in base 16?
e1b70
-64107a (base 11) to base 9
-1833720
-1471328 (base 11) to base 5
-1121114401
Convert 31034 (base 15) to base 5.
14432144
What is -333fa3 (base 16) in base 13?
-90796c
-7ab49 (base 12) to base 13
-598b0
388015 (base 13) to base 10
1359961
-8547553 (base 11) to base 13
-316a739
Convert -643998 (base 11) to base 5.
-230430214
Convert 9945 (base 13) to base 8.
51547
What is -100010110110110011 (base 2) in base 7?
-1133146
3ee21 (base 15) to base 16
31642
-696065 (base 11) to base 2
-100001110000011010100
What is 102212221221111 (base 3) in base 5?
3104124343
-114a048 (base 11) to base 3
-10202211201011
Convert -12221143321 (base 5) to base 2.
-110111110100000010101110
-100110111111010011 (base 2) to base 7
-1233411
Convert -5512143 (base 6) to base 15.
-56286
14c4bd (base 14) to base 9
1325013
830db (base 16) to base 7
4364000
Convert -1350056 (base 8) to base 14.
-9cba6
What is 1122150 (base 6) in base 10?
57522
What is 14222150 (base 7) in base 10?
1333325
Convert 2011021412 (base 5) to base 11.
2293411
-8252a (base 11) to base 9
-203167
What is -100010111010001100 (base 2) in base 3?
-21021010212
What is -1120011120021 (base 3) in base 13?
-230a43
What is 13000311010 (base 4) in base 6?
103223044
Convert 12410224 (base 7) to base 13.
306904
What is -621436 (base 8) in base 9?
-343022
-190046 (base 11) to base 15
-5bb9a
-2417713 (base 9) to base 3
-2110121210110
66f810 (base 16) to base 6
400345320
Convert 241304003 (base 5) to base 12.
45b871
What is 40501151 (base 6) in base 2?
100011010111011111011
Convert 324204142 (base 5) to base 7.
14610055
What is 10423706 (base 8) in base 4?
20202133012
Convert 11101010010100011 (base 2) to base 14.
31a15
What is -446785 (base 9) in base 11?
-172a44
Convert -1c4702b (base 13) to base 9.
-18634731
Convert 1660373 (base 8) to base 4.
1312003323
What is 1cb833 (base 13) in base 9?
1346462
-1200221010201 (base 3) to base 6
-31213244
Convert 150779 (base 10) to base 5.
14311104
Convert 20122021031 (base 4) to base 9.
4128572
304122113 (base 6) to base 7
62336142
Convert -12104031 (base 5) to base 16.
-1b978
What is -102101 (base 9) in base 7?
-341434
-101605 (base 9) to base 10
-60269
Convert -10112011010012 (base 3) to base 8.
-7111767
-6c34b (base 13) to base 7
-1454064
What is -2250168 (base 9) in base 16?
-1285e8
371386 (base 13) to base 16
14170c
11231021 (base 4) to base 9
35045
-179996 (base 10) to base 4
-223330130
161412 (base 7) to base 8
76021
872858 (base 12) to base 9
4022165
Convert -382da (base 16) to base 3.
-102200122110
46cbe (base 15) to base 14
5c325
-217791 (base 13) to base 11
-4989a7
What is 12045730 (base 8) in base 9?
4864514
737507 (base 13) to base 11
1585303
What is -17453b2 (base 12) in base 6?
-251150342
201361236 (base 7) to base 14
17ac5c6
Convert 65328 (base 15) to base 10.
321338
2155a (base 12) to base 16
abd6
Convert 9308 (base 13) to base 12.
b8a8
-1110001110 (base 2) to base 12
-63a
2410462 (base 7) to base 14
7d2d9
-2d76e4 (base 16) to base 6
-143510124
-777364 (base 10) to base 16
-bdc94
-1133232243 (base 5) to base 10
-2633448
Convert 38d0e4 (base 15) to base 9.
5116027
295a68 (base 12) to base 9
1267538
-15031602 (base 7) to base 8
-5324556
What is -202212201122 (base 3) in base 11?
-260838
Convert 854761 (base 9) to base 6.
14523131
34541722 (base 9) to base 16
1004f24
What is -202202221112210 (base 3) in base 4?
-222013211100
11cef5 (base 16) to base 15
180c13
Convert -5210640 (base 8) to base 3.
-2121011001120
Convert -10110101101110111010 (base 2) to base 16.
-b5bba
Convert -ac26 (base 14) to base 2.
-111010010000010
-343021432 (base 5) to base 13
-418863
14513446 (base 8) to base 2
1100101001011100100110
What is -1141132422 (base 5) in base 15?
-37d3c7
2011200020012 (base 3) to base 15
17c2d8
Convert 11011010000000111101 (base 2) to base 10